
Is 18647 prime?
False
Is 3793 a composite number?
False
Is 11213 a composite number?
False
Is 104691 a prime number?
False
Is 26327 composite?
True
Is 105289 a composite number?
True
Is 561773 composite?
True
Is 4703 composite?
False
Is 260527 composite?
False
Is 462041 prime?
True
Is 78157 prime?
True
Is 1649 a composite number?
True
Is 5141 composite?
True
Is 10477 a prime number?
True
Is 108023 a prime number?
True
Is 1837573 a composite number?
False
Is 1735 a prime number?
False
Is 173341 prime?
False
Is 6847 a composite number?
True
Is 76649 prime?
True
Is 1727533 prime?
True
Is 9613 a prime number?
True
Is 819865 a prime number?
False
Is 94729 composite?
True
Is 199879 a composite number?
True
Is 168467 a prime number?
False
Is 67819 prime?
True
Is 9871 a composite number?
False
Is 47071 a prime number?
False
Is 37546 a composite number?
True
Is 267131 prime?
True
Is 8818 prime?
False
Is 75331 composite?
True
Is 649441 a composite number?
True
Is 1763 prime?
False
Is 93739 composite?
False
Is 317491 prime?
True
Is 67829 prime?
True
Is 124171 a prime number?
True
Is 18301 composite?
False
Is 3989 a prime number?
True
Is 650851 a prime number?
True
Is 54091 a prime number?
True
Is 169427 composite?
False
Is 96053 composite?
False
Is 37483 composite?
False
Is 833923 a composite number?
False
Is 54719 a composite number?
True
Is 102653 a prime number?
True
Is 15371 prime?
False
Is 5354 a composite number?
True
Is 2375111 a prime number?
True
Is 784393 a prime number?
False
Is 51193 a prime number?
True
Is 277297 prime?
True
Is 32141 prime?
True
Is 74377 a prime number?
True
Is 370085 prime?
False
Is 134287 prime?
True
Is 54829 a composite number?
False
Is 1472627 a prime number?
False
Is 1253 a prime number?
False
Is 40997 composite?
True
Is 1771241 composite?
True
Is 15971 prime?
True
Is 1412087 composite?
False
Is 127123 composite?
False
Is 770281 a composite number?
False
Is 615229 prime?
True
Is 2205233 composite?
False
Is 499943 a composite number?
False
Is 16597 prime?
False
Is 570329 composite?
False
Is 4619 a prime number?
False
Is 1171 prime?
True
Is 59315 a prime number?
False
Is 20993 a composite number?
True
Is 1973 a prime number?
True
Is 701711 composite?
False
Is 27769 a composite number?
True
Is 3979 a composite number?
True
Is 22501 a prime number?
True
Is 70753 composite?
False
Is 277586 a prime number?
False
Is 1399 a prime number?
True
Is 4621 a prime number?
True
Is 1379041 prime?
False
Is 30035 prime?
False
Is 58189 a composite number?
False
Is 8663 a composite number?
False
Is 242857 prime?
False
Is 5498 prime?
False
Is 5469 prime?
False
Is 987517 prime?
False
Is 282661 prime?
True
Is 760723 prime?
True
Is 452579 a composite number?
False
Is 237169 a prime number?
False
Is 1992799 a composite number?
True
Is 15794095 composite?
True
Is 3561 composite?
True
Is 1412141 a composite number?
False
Is 8149 a composite number?
True
Is 4123727 a composite number?
False
Is 10046 prime?
False
Is 223 a composite number?
False
Is 4889 prime?
True
Is 6701 a composite number?
False
Is 180731 prime?
True
Is 5097 composite?
True
Is 89839 a composite number?
False
Is 5143 prime?
False
Is 2974 composite?
True
Is 4297 a composite number?
False
Is 16333 a prime number?
True
Is 124979 prime?
True
Is 9935 a composite number?
True
Is 5545 composite?
True
Is 1901 a composite number?
False
Is 121823 prime?
False
Is 907 composite?
False
Is 2643 composite?
True
Is 13655 a prime number?
False
Is 62587 a prime number?
False
Is 5039 prime?
True
Is 7369 prime?
True
Is 1514393 composite?
True
Is 81667 prime?
True
Is 1152359 composite?
True
Is 256943 a prime number?
False
Is 7883 a prime number?
True
Is 7355 a prime number?
False
Is 739 prime?
True
Is 87583 prime?
True
Is 121039 prime?
True
Is 101399 prime?
True
Is 10037 composite?
False
Is 971911 a prime number?
False
Is 6193 composite?
True
Is 7411 a prime number?
True
Is 21101 prime?
True
Is 57221 a prime number?
True
Is 10977 a prime number?
False
Is 13397 a prime number?
True
Is 975551 composite?
False
Is 292337 prime?
False
Is 36397 prime?
False
Is 5147 a prime number?
True
Is 50021 composite?
False
Is 9569 a composite number?
True
Is 325135 composite?
True
Is 2238737 prime?
False
Is 24929 a composite number?
True
Is 80989 a composite number?
False
Is 537083 composite?
True
Is 210097 composite?
False
Is 241511 a composite number?
False
Is 58541 composite?
True
Is 1139 prime?
False
Is 114143 composite?
False
Is 1823 a prime number?
True
Is 18679 a composite number?
False
Is 48731 a prime number?
True
Is 19361 prime?
False
Is 172787 prime?
True
Is 157877 prime?
True
Is 689213 composite?
True
Is 56569 a composite number?
False
Is 92005 prime?
False
Is 1801 a prime number?
True
Is 29005 composite?
True
Is 11549 a composite number?
False
Is 441787 a composite number?
False
Is 5003 a prime number?
True
Is 19841 prime?
True
Is 10783 composite?
True
Is 91753 a composite number?
False
Is 1557191 a prime number?
False
Is 324839 a composite number?
False
Is 21005 composite?
True
Is 278929 prime?
False
Is 648481 a composite number?
False
Is 7829 a composite number?
False
Is 1618927 a prime number?
False
Is 249455 composite?
True
Is 1090097 composite?
False
Is 9793 composite?
True
Is 86537 a prime number?
False
Is 306443 composite?
True
Is 16301 composite?
False
Is 3593 a composite number?
False
Is 123169 a prime number?
True
Is 1193 composite?
False
Is 9053 composite?
True
Is 261335 composite?
True
Is 621659 a composite number?
True
Is 67207 a prime number?
False
Is 3967 prime?
True
Is 2329 composite?
True
Is 114734 composite?
True
Is 303801 composite?
True
Is 805911 a composite number?
True
Is 3901 a composite number?
True
Is 2893 composite?
True
Is 1499 composite?
False
Is 125219 composite?
False
Is 758107 a composite number?
True
Is 25969 prime?
True
Is 277454 prime?
False
Is 956173 prime?
False
Is 8747 prime?
True
Is 583 prime?
False
Is 2003 composite?
False
Is 521485 prime?
False
Is 470499 prime?
False
Is 55166 a prime number?
False
Is 217619 a composite number?
False
Is 693983 a prime number?
False
Is 91543 prime?
False
Is 6769 a prime number?
False
Is 9977 composite?
True
Is 1935239 a prime number?
True
Is 1777073 composite?
True
Is 3359 a prime number?
True
Is 523553 composite?
False
Is 87337 composite?
False
Is 662 a composite number?
True
Is 633 a prime number?
False
Is 1226282 prime?
False
Is 18839 a prime number?
True
Is 53989 a composite number?
True
Is 76535 a composite number?
True
Is 6953 a composite number?
True
Is 5469 a prime number?
False
Is 11301 a prime number?
False
Is 60641 prime?
False
Is 569329 composite?
True
Is 2315 prime?
False
Is 1009 composite?
False
Is 12877 prime?
False
Is 5201 a composite number?
True
Is 65735 a composite number?
True
Is 7165 a composite number?
True
Is 50579 prime?
False
Is 9239 prime?
True
Is 497942 a composite number?
True
Is 61309 composite?
True
Is 1047077 prime?
True
Is 3035 prime?
False
Is 4729 composite?
False
Is 19069 composite?
False
Is 748921 composite?
False
Is 3013089 prime?
False
Is 4097 prime?
False
Is 43427 a composite number?
False
Is 1213517 composite?
False
Is 572003 a composite number?
True
Is 527723 prime?
False
Is 230311 a prime number?
True
Is 15577 prime?
False
Is 260323 a prime number?
False
Is 6229 a composite number?
False
Is 16565 a composite number?
True
Is 4771 prime?
False
Is 213067 composite?
False
Is 13349 a composite number?
True
Is 2302 prime?
False
Is 899083 composite?
True
Is 90293 composite?
True
Is 8461 composite?
False
Is 42962 prime?
False
Is 2243 prime?
True
Is 275357 prime?
True
Is 4861 prime?
True
Is 33541 composite?
True
Is 82163 a composite number?
False
Is 8663 composite?
False
Is 3433 a prime number?
True
Is 123121 prime?
True
Is 1736751 a prime number?
False
Is 44537 a prime number?
True
Is 1313 a composite number?
True
Is 145801 a prime number?
False
Is 2491 a prime number?
False
Is 99903 composite?
True
Is 39607 prime?
True
Is 9311 prime?
True
Is 523 a prime number?
True
Is 209519 prime?
True
Is 58727 a composite number?
False
Is 12821 composite?
False
Is 675595 a composite number?
True
Is 52163 a prime number?
True
Is 71705 a composite number?
True
Is 1059733 a composite number?
False
Is 102721 comp